{"id":95,"date":"2012-06-10T20:22:28","date_gmt":"2012-06-10T20:22:28","guid":{"rendered":"http:\/\/new.bsv-meschede.de\/?page_id=95"},"modified":"2016-11-12T22:37:17","modified_gmt":"2016-11-12T22:37:17","slug":"impressum","status":"publish","type":"page","link":"https:\/\/www.bsv-meschede.de\/?page_id=95","title":{"rendered":"Impressum"},"content":{"rendered":"<p><strong>Behinderten-Sportverein Meschede e.V.<\/strong><br \/>\nSchulstra\u00dfe 8<br \/>\n59872 Meschede<\/p>\n<p>1. Vorsitzende: Leonie Kotthoff (0291 \/ 50552)<br \/>\nStellv. Vorsitzende: Manuela Bathen 0291-7066<\/p>\n<p>Email: <a href=\"mailto:info@bsv-meschede.de\">info@bsv-meschede.de<\/a><\/p>\n<p>&nbsp;<\/p>\n<p><strong>Gestaltung<\/strong><br \/>\n<a title=\"anjolli.net\" href=\"mailto:info@anjolli.net\">anjolli.net \u2013 Oliver Heimann<\/a><\/p>\n<p><strong>Haftungshinweis<\/strong><\/p>\n<p>Wir \u00fcbernehmen keine Haftung f\u00fcr die Inhalte externer Links.<br \/>\nF\u00fcr den Inhalt der verlinkten Seiten sind ausschlie\u00dflich deren Betreiber verantwortlich.<\/p>\n<p><strong>Urheberrecht<br \/>\n<\/strong>Alle Texte, Bilder und Grafiken sowie ihre Arrangement unterliegen dem Urheberrecht. Vervielf\u00e4ltigungen, \u00c4nderungen sowie die Einspeicherung und Verarbeitung in elektronischen System \u00a0d\u00fcrfen keinesfalls vorgenommen werden und bed\u00fcrfen der vorherigen schriftlichen Zustimmung.<\/p>\n<p>&nbsp;<\/p>\n<p>&nbsp;<\/p>\n<p>&nbsp;<\/p>\n<p>&nbsp;<\/p>\n<p>&nbsp;<\/p>\n<p>&nbsp;<\/p>\n<p>&nbsp;<\/p>\n","protected":false},"excerpt":{"rendered":"<p>Behinderten-Sportverein Meschede e.V. Schulstra\u00dfe 8 59872 Meschede 1. Vorsitzende: Leonie Kotthoff (0291 \/ 50552) Stellv. Vorsitzende: Manuela Bathen 0291-7066 Email: info@bsv-meschede.de &nbsp; Gestaltung anjolli.net \u2013 Oliver Heimann Haftungshinweis Wir \u00fcbernehmen keine Haftung f\u00fcr die Inhalte externer Links. F\u00fcr den Inhalt der verlinkten Seiten sind ausschlie\u00dflich deren Betreiber verantwortlich. Urheberrecht Alle Texte, Bilder und Grafiken sowie [&hellip;]<\/p>\n","protected":false},"author":1,"featured_media":0,"parent":0,"menu_order":0,"comment_status":"closed","ping_status":"open","template":"","meta":{"footnotes":""},"class_list":["post-95","page","type-page","status-publish","hentry"],"_links":{"self":[{"href":"https:\/\/www.bsv-meschede.de\/index.php?rest_route=\/wp\/v2\/pages\/95","targetHints":{"allow":["GET"]}}],"collection":[{"href":"https:\/\/www.bsv-meschede.de\/index.php?rest_route=\/wp\/v2\/pages"}],"about":[{"href":"https:\/\/www.bsv-meschede.de\/index.php?rest_route=\/wp\/v2\/types\/page"}],"author":[{"embeddable":true,"href":"https:\/\/www.bsv-meschede.de\/index.php?rest_route=\/wp\/v2\/users\/1"}],"replies":[{"embeddable":true,"href":"https:\/\/www.bsv-meschede.de\/index.php?rest_route=%2Fwp%2Fv2%2Fcomments&post=95"}],"version-history":[{"count":9,"href":"https:\/\/www.bsv-meschede.de\/index.php?rest_route=\/wp\/v2\/pages\/95\/revisions"}],"predecessor-version":[{"id":102,"href":"https:\/\/www.bsv-meschede.de\/index.php?rest_route=\/wp\/v2\/pages\/95\/revisions\/102"}],"wp:attachment":[{"href":"https:\/\/www.bsv-meschede.de\/index.php?rest_route=%2Fwp%2Fv2%2Fmedia&parent=95"}],"curies":[{"name":"wp","href":"https:\/\/api.w.org\/{rel}","templated":true}]}}