{"id":17,"date":"2012-05-22T14:05:01","date_gmt":"2012-05-22T14:05:01","guid":{"rendered":"http:\/\/new.bsv-meschede.de\/?page_id=17"},"modified":"2017-08-22T16:44:39","modified_gmt":"2017-08-22T16:44:39","slug":"angebot","status":"publish","type":"page","link":"https:\/\/www.bsv-meschede.de\/?page_id=17","title":{"rendered":"Angebot"},"content":{"rendered":"<p>&nbsp;<\/p>\n<h4><strong><span style=\"color: #339966;\">Reha-Sport Angebote des BSV Meschede<\/span><br \/>\n<\/strong><\/h4>\n<ul>\n<li>\u00a0Wirbels\u00e4ulengymnastik<a href=\"http:\/\/new.bsv-meschede.de\/wp-content\/uploads\/2012\/05\/Flyer-Reha-Sport.pdf\" target=\"_blank\"><br \/>\n<\/a><\/li>\n<li>Gymnastik, Spiele, Judo f\u00fcr Jugendliche und Erwachsene mit Handicap<\/li>\n<li>Krebsnachsorge\/Osteoporose f\u00fcr Frauen<\/li>\n<li>Sport nach neurologischer Erkrankung<\/li>\n<li>Sport, Spiele und Spa\u00df f\u00fcr Kinder, Jugendliche und Erwachsene mit Handicap<\/li>\n<li>Wassergymnastik<\/li>\n<li>Bechterew\/Wirbels\u00e4ulengymnastik<\/li>\n<li>Rehabilitations-Sport im Seniorenheim<\/li>\n<\/ul>\n<address>Weitere Informationen zum Reha-Sport finden Sie auch in unserem aktuellen<strong><span style=\"text-decoration: underline; color: #3366ff;\"> <a href=\"http:\/\/www.bsv-meschede.de\/wp-content\/uploads\/2012\/05\/Flyer-hier-zum-Download1.pdf\"><span style=\"color: #3366ff; text-decoration: underline;\">Flyer hier zum Download.<\/span><\/a><\/span><\/strong><\/address>\n","protected":false},"excerpt":{"rendered":"<p>&nbsp; Reha-Sport Angebote des BSV Meschede \u00a0Wirbels\u00e4ulengymnastik Gymnastik, Spiele, Judo f\u00fcr Jugendliche und Erwachsene mit Handicap Krebsnachsorge\/Osteoporose f\u00fcr Frauen Sport nach neurologischer Erkrankung Sport, Spiele und Spa\u00df f\u00fcr Kinder, Jugendliche und Erwachsene mit Handicap Wassergymnastik Bechterew\/Wirbels\u00e4ulengymnastik Rehabilitations-Sport im Seniorenheim Weitere Informationen zum Reha-Sport finden Sie auch in unserem aktuellen Flyer hier zum Download.<\/p>\n","protected":false},"author":1,"featured_media":0,"parent":6,"menu_order":4,"comment_status":"closed","ping_status":"open","template":"","meta":{"footnotes":""},"class_list":["post-17","page","type-page","status-publish","hentry"],"_links":{"self":[{"href":"https:\/\/www.bsv-meschede.de\/index.php?rest_route=\/wp\/v2\/pages\/17","targetHints":{"allow":["GET"]}}],"collection":[{"href":"https:\/\/www.bsv-meschede.de\/index.php?rest_route=\/wp\/v2\/pages"}],"about":[{"href":"https:\/\/www.bsv-meschede.de\/index.php?rest_route=\/wp\/v2\/types\/page"}],"author":[{"embeddable":true,"href":"https:\/\/www.bsv-meschede.de\/index.php?rest_route=\/wp\/v2\/users\/1"}],"replies":[{"embeddable":true,"href":"https:\/\/www.bsv-meschede.de\/index.php?rest_route=%2Fwp%2Fv2%2Fcomments&post=17"}],"version-history":[{"count":14,"href":"https:\/\/www.bsv-meschede.de\/index.php?rest_route=\/wp\/v2\/pages\/17\/revisions"}],"predecessor-version":[{"id":113,"href":"https:\/\/www.bsv-meschede.de\/index.php?rest_route=\/wp\/v2\/pages\/17\/revisions\/113"}],"up":[{"embeddable":true,"href":"https:\/\/www.bsv-meschede.de\/index.php?rest_route=\/wp\/v2\/pages\/6"}],"wp:attachment":[{"href":"https:\/\/www.bsv-meschede.de\/index.php?rest_route=%2Fwp%2Fv2%2Fmedia&parent=17"}],"curies":[{"name":"wp","href":"https:\/\/api.w.org\/{rel}","templated":true}]}}